{"id":13,"date":"2024-10-18T10:34:29","date_gmt":"2024-10-18T10:34:29","guid":{"rendered":"https:\/\/rm.klevi.me\/?page_id=10"},"modified":"2024-11-21T08:54:31","modified_gmt":"2024-11-21T08:54:31","slug":"services","status":"publish","type":"page","link":"https:\/\/remark.al\/?page_id=13","title":{"rendered":"Services"},"content":{"rendered":"\n<div class=\"wp-block-group alignfull six-services has-gray-background-color has-background is-layout-constrained wp-container-core-group-is-layout-0929ba60 wp-block-group-is-layout-constrained\" style=\"margin-top:0;margin-bottom:var(--wp--preset--spacing--xx-large);padding-top:var(--wp--preset--spacing--medium);padding-right:0;padding-bottom:var(--wp--preset--spacing--medium);padding-left:0\">\n<div style=\"height:1rem\" aria-hidden=\"true\" class=\"wp-block-spacer\"><\/div>\n\n\n\n<p class=\"has-text-align-center p-animation-text-moveUp\">Services<\/p>\n\n\n\n<h2 class=\"wp-block-heading has-text-align-center p-animation-text-moveUp\">The Solutions We Offer<\/h2>\n\n\n\n<p class=\"has-text-align-center p-animation-text-moveUp\">Building a reliable software application is not a one-off assignment. It requires grid and resilience.<\/p>\n\n\n\n<div class=\"wp-block-columns p-animation-text-moveUp is-layout-flex wp-container-core-columns-is-layout-df70c5d9 wp-block-columns-is-layout-flex\" style=\"padding-top:var(--wp--preset--spacing--medium);padding-bottom:var(--wp--preset--spacing--medium)\">\n<div class=\"wp-block-column is-vertically-aligned-center has-white-background-color has-background is-layout-flow wp-block-column-is-layout-flow\" style=\"padding-top:var(--wp--preset--spacing--large);padding-right:var(--wp--preset--spacing--small);padding-bottom:var(--wp--preset--spacing--large);padding-left:var(--wp--preset--spacing--small)\">\n<p><\/p>\n\n\n\n<p class=\"has-text-align-center\"><strong>Besueshm\u00ebria tek Google<\/strong><\/p>\n\n\n\n<p class=\"has-text-align-center\"><br>Arsyeja pse duhet t\u00eb shfaqeni n\u00eb t\u00eb gjitha k\u00ebto platforma me informacionin e biznesit tuaj \u00ebsht\u00eb sepse ato kan\u00eb nj\u00eb besueshm\u00ebri t\u00eb lart\u00eb tek Google.<\/p>\n\n\n\n<p>P\u00ebr \u00e7do platform\u00eb t\u00eb besueshme ku shfaqeni me informacion t\u00eb sakt\u00eb dhe t\u00eb q\u00ebndruesh\u00ebm, ju fitoni nj\u00eb &#8220;vot\u00eb&#8221; n\u00eb syt\u00eb e Google-it. P\u00ebr \u00e7do platform\u00eb ku shfaqeni me informacion t\u00eb pasakt\u00eb, kjo mund t\u00eb jet\u00eb drejtp\u00ebrdrejt e d\u00ebmshme p\u00ebr biznesin tuaj.<\/p>\n\n\n\n<p class=\"has-text-align-center\">Google d\u00ebshiron t\u00eb ndihet i sigurt se informacioni i paraqitur n\u00eb profilin tuaj t\u00eb Google My Business \u00ebsht\u00eb 100% i sakt\u00eb. Kjo, nga ana tjet\u00ebr, b\u00ebn q\u00eb Google t\u00eb zgjedh\u00eb t\u00eb shfaq\u00eb biznesin tuaj m\u00eb lart n\u00eb rezultatet e k\u00ebrkimit kur b\u00ebhet nj\u00eb k\u00ebrkim p\u00ebr llojin tuaj t\u00eb sh\u00ebrbimit ose produktit.<\/p>\n<\/div>\n\n\n\n<div class=\"wp-block-column is-vertically-aligned-center has-grey-background-color has-white-background-color has-background is-layout-flow wp-block-column-is-layout-flow\" style=\"padding-top:var(--wp--preset--spacing--large);padding-right:var(--wp--preset--spacing--small);padding-bottom:var(--wp--preset--spacing--large);padding-left:var(--wp--preset--spacing--small)\">\n<p class=\"has-text-align-center\"><strong>Menaxhoni biznesin tuaj nga nj\u00eb llogari e vetme<\/strong><\/p>\n\n\n\n<p class=\"has-text-align-center\"><br>Ne duam ta b\u00ebjm\u00eb t\u00eb leht\u00eb p\u00ebr ju si biznes t\u00eb mbani n\u00eb kontroll t\u00eb dh\u00ebnat tuaja. T\u00eb shfaqesh me informacion t\u00eb sakt\u00eb dhe t\u00eb q\u00ebndruesh\u00ebm \u00ebsht\u00eb di\u00e7ka q\u00eb si klient\u00ebt tuaj ashtu edhe Google e vler\u00ebsojn\u00eb shum\u00eb. Nj\u00eb situat\u00eb ku t\u00eb gjith\u00eb p\u00ebrfitojn\u00eb!<\/p>\n\n\n\n<p class=\"has-text-align-center\">Me Remark mund t\u00eb menaxhoni t\u00eb gjitha t\u00eb dh\u00ebnat e biznesit tuaj n\u00eb koh\u00eb reale nga nj\u00eb platform\u00eb e vetme. Keni orare t\u00eb ve\u00e7anta hapjeje p\u00ebr festat e Midsummer-it apo p\u00ebr Krishtlindje? Ndryshoni ato n\u00eb nj\u00eb vend t\u00eb vet\u00ebm. Keni nj\u00eb lajm p\u00ebr t\u00eb komunikuar n\u00eb t\u00eb gjitha platformat? Postoni nga nj\u00eb vend i vet\u00ebm. Keni marr\u00eb nj\u00eb rishikim n\u00eb nj\u00eb nga profilet tuaja? P\u00ebrgjigjuni nga nj\u00eb vend i vet\u00ebm.<\/p>\n<\/div>\n\n\n\n<div class=\"wp-block-column is-vertically-aligned-center has-white-background-color has-background is-layout-flow wp-block-column-is-layout-flow\" style=\"border-style:none;border-width:0px;padding-top:var(--wp--preset--spacing--large);padding-right:var(--wp--preset--spacing--small);padding-bottom:var(--wp--preset--spacing--large);padding-left:var(--wp--preset--spacing--small)\">\n<p class=\"has-text-align-center\"><strong>Postoni p\u00ebrmbajtje n\u00eb ekosistemin dixhital<\/strong><\/p>\n\n\n\n<p class=\"has-text-align-center\">Nga platforma jon\u00eb, ju gjithashtu keni mund\u00ebsin\u00eb t\u00eb postoni si lajme\/oferta ashtu edhe p\u00ebrmbajtje n\u00eb t\u00eb gjitha platformat e lidhura. P\u00ebr shembull, mund t\u00eb postoni nj\u00eb p\u00ebrmbajtje p\u00ebr nj\u00eb produkt t\u00eb ri n\u00eb gam\u00ebn tuaj n\u00eb Facebook, Instagram, Google, Cylex, Brownbook, WhereTo, Find Open dhe Navmii, me vet\u00ebm nj\u00eb klikim. Kjo e b\u00ebn t\u00eb qart\u00eb si p\u00ebr klient\u00ebt tuaj ashtu edhe p\u00ebr Google-in t\u00eb kuptojn\u00eb mesazhin dhe t\u00eb ndihmojn\u00eb n\u00eb p\u00ebrhapjen e tij!<\/p>\n<\/div>\n<\/div>\n\n\n\n<div class=\"wp-block-columns p-animation-text-moveUp is-layout-flex wp-container-core-columns-is-layout-c0ed80d6 wp-block-columns-is-layout-flex\" style=\"padding-top:0;padding-bottom:var(--wp--preset--spacing--large)\">\n<div class=\"wp-block-column is-vertically-aligned-center has-white-background-color has-background is-layout-flow wp-block-column-is-layout-flow\" style=\"padding-top:var(--wp--preset--spacing--large);padding-right:var(--wp--preset--spacing--small);padding-bottom:var(--wp--preset--spacing--large);padding-left:var(--wp--preset--spacing--small)\">\n<h5 class=\"wp-block-heading has-text-align-center\" style=\"padding-top:var(--wp--preset--spacing--xx-small);letter-spacing:-0.04em;line-height:1.1\"><strong>Keni nj\u00eb ofert\u00eb t\u00eb p\u00ebrkohshme?<\/strong><\/h5>\n\n\n\n<p class=\"has-text-align-center\">Dallohuni nga konkurrent\u00ebt tuaj duke e postuar at\u00eb direkt dhe duksh\u00ebm n\u00eb profilin tuaj t\u00eb Google My Business n\u00eb rezultatet e k\u00ebrkimit! Nuk \u00ebsht\u00eb vet\u00ebm e r\u00ebnd\u00ebsishme t\u00eb shfaqeni lart n\u00eb Google, por gjithashtu, kur klienti juaj sheh profilin tuaj, ajo duhet t\u00eb duket t\u00ebrheq\u00ebse dhe bind\u00ebse!<\/p>\n<\/div>\n\n\n\n<div class=\"wp-block-column is-vertically-aligned-center has-grey-background-color has-white-background-color has-background is-layout-flow wp-block-column-is-layout-flow\" style=\"padding-top:var(--wp--preset--spacing--large);padding-right:var(--wp--preset--spacing--small);padding-bottom:var(--wp--preset--spacing--large);padding-left:var(--wp--preset--spacing--small)\">\n<h5 class=\"wp-block-heading has-text-align-center\" style=\"padding-top:var(--wp--preset--spacing--xx-small);letter-spacing:-0.03em;line-height:1.1\"><strong>Vendime bazuar n\u00eb ndjesi<\/strong>.<\/h5>\n\n\n\n<p class=\"has-text-align-center\">Cilin biznes do t\u00eb zgjidhnit ju? Dhe pse?<\/p>\n\n\n\n<p class=\"has-text-align-center\">P\u00ebrgjigjja \u00ebsht\u00eb mjaft e qart\u00eb, por kjo gjithashtu e b\u00ebn shum\u00eb t\u00eb qart\u00eb se sa shum\u00eb ndikon nj\u00eb &#8220;p\u00ebrshtypje e p\u00ebrgjithshme&#8221;. <\/p>\n\n\n\n<p class=\"has-text-align-center\">Pa asnj\u00eb sfond, ne gjykojm\u00eb nj\u00eb biznes dhe zgjedhja b\u00ebhet jasht\u00ebzakonisht e leht\u00eb brenda disa sekondave. Prandaj, ne gjithmon\u00eb i kushtojm\u00eb shum\u00eb koh\u00eb q\u00eb gjith\u00e7ka t\u00eb duket mir\u00eb dhe profesionale.<\/p>\n<\/div>\n<\/div>\n<\/div>\n\n\n\n<div class=\"wp-block-group why-choose-us p-animation-text-moveUp has-surface-background-color has-background is-layout-constrained wp-container-core-group-is-layout-515ed75b wp-block-group-is-layout-constrained\" style=\"padding-top:var(--wp--preset--spacing--large);padding-right:0;padding-bottom:var(--wp--preset--spacing--x-large);padding-left:0\">\n<h2 class=\"wp-block-heading has-text-align-center\">Take your idea to the next level<\/h2>\n\n\n\n<p class=\"has-text-align-center\" style=\"padding-bottom:var(--wp--preset--spacing--small)\">Unleash the power of creativity<\/p>\n\n\n\n<div class=\"wp-block-columns is-layout-flex wp-container-core-columns-is-layout-010e51cd wp-block-columns-is-layout-flex\">\n<div class=\"wp-block-column is-layout-flow wp-block-column-is-layout-flow\">\n<figure class=\"wp-block-image size-full has-custom-border\"><img decoding=\"async\" src=\"https:\/\/remark.al\/wp-content\/themes\/prespa\/assets\/img\/patterns\/why-choose-us-1.jpg\" alt=\"\" class=\"wp-image-91\" style=\"border-radius:6px\"\/><\/figure>\n\n\n\n<h3 class=\"wp-block-heading\" style=\"padding-top:var(--wp--preset--spacing--medium);padding-bottom:0;letter-spacing:-0.02em;line-height:1.2\">Beautiful website design with modern UI \/ UX<\/h3>\n\n\n\n<p style=\"margin-bottom:var(--wp--preset--spacing--medium)\">Minim recusandae, volutpat magna, class, adipiscing, quo id consectetuer duis anim nisl vehicula in, velit quis magna venenat. Convallis mollit delectus metuc.<\/p>\n\n\n\n<div class=\"wp-block-buttons is-layout-flex wp-block-buttons-is-layout-flex\">\n<div class=\"wp-block-button p-btn-animation-border-move\"><a class=\"wp-block-button__link wp-element-button\" href=\"#\" style=\"padding-top:16px;padding-right:20px;padding-bottom:16px;padding-left:20px\">Read More<\/a><\/div>\n<\/div>\n<\/div>\n\n\n\n<div class=\"wp-block-column is-layout-flow wp-block-column-is-layout-flow\">\n<h3 class=\"wp-block-heading\" style=\"padding-bottom:0;letter-spacing:-0.02em;line-height:1.2\">Empowering your digital marketing strategy<\/h3>\n\n\n\n<p style=\"margin-bottom:var(--wp--preset--spacing--medium)\">Minim recusandae, volutpat magna, class, adipiscing, quo id consectetuer duis anim nisl vehicula in, velit quis magna venenat. Convallis mollit delectus metus.<\/p>\n\n\n\n<div class=\"wp-block-buttons is-layout-flex wp-block-buttons-is-layout-flex\" style=\"margin-bottom:var(--wp--preset--spacing--x-large)\">\n<div class=\"wp-block-button p-btn-animation-border-move\"><a class=\"wp-block-button__link wp-element-button\" href=\"#\" style=\"padding-top:16px;padding-right:20px;padding-bottom:16px;padding-left:20px\">Read More<\/a><\/div>\n<\/div>\n\n\n\n<figure class=\"wp-block-image size-full has-custom-border\"><img decoding=\"async\" src=\"https:\/\/remark.al\/wp-content\/themes\/prespa\/assets\/img\/patterns\/why-choose-us-2.jpg\" alt=\"\" class=\"wp-image-92\" style=\"border-radius:6px\"\/><\/figure>\n<\/div>\n<\/div>\n<\/div>\n","protected":false},"excerpt":{"rendered":"<p>Services The Solutions We Offer Building a reliable software application is not a one-off assignment.&hellip;<\/p>\n","protected":false},"author":1,"featured_media":0,"parent":0,"menu_order":0,"comment_status":"closed","ping_status":"closed","template":"","meta":{"footnotes":""},"class_list":["post-13","page","type-page","status-publish","hentry"],"_links":{"self":[{"href":"https:\/\/remark.al\/index.php?rest_route=\/wp\/v2\/pages\/13","targetHints":{"allow":["GET"]}}],"collection":[{"href":"https:\/\/remark.al\/index.php?rest_route=\/wp\/v2\/pages"}],"about":[{"href":"https:\/\/remark.al\/index.php?rest_route=\/wp\/v2\/types\/page"}],"author":[{"embeddable":true,"href":"https:\/\/remark.al\/index.php?rest_route=\/wp\/v2\/users\/1"}],"replies":[{"embeddable":true,"href":"https:\/\/remark.al\/index.php?rest_route=%2Fwp%2Fv2%2Fcomments&post=13"}],"version-history":[{"count":3,"href":"https:\/\/remark.al\/index.php?rest_route=\/wp\/v2\/pages\/13\/revisions"}],"predecessor-version":[{"id":71,"href":"https:\/\/remark.al\/index.php?rest_route=\/wp\/v2\/pages\/13\/revisions\/71"}],"wp:attachment":[{"href":"https:\/\/remark.al\/index.php?rest_route=%2Fwp%2Fv2%2Fmedia&parent=13"}],"curies":[{"name":"wp","href":"https:\/\/api.w.org\/{rel}","templated":true}]}}