{"id":12,"date":"2024-10-18T10:34:29","date_gmt":"2024-10-18T10:34:29","guid":{"rendered":"https:\/\/rm.klevi.me\/?page_id=9"},"modified":"2024-11-21T08:59:30","modified_gmt":"2024-11-21T08:59:30","slug":"about","status":"publish","type":"page","link":"https:\/\/remark.al\/?page_id=12","title":{"rendered":"About"},"content":{"rendered":"\n<div class=\"wp-block-media-text is-stacked-on-mobile pattern-about\" style=\"grid-template-columns:42% auto\"><figure class=\"wp-block-media-text__media\"><img loading=\"lazy\" decoding=\"async\" width=\"200\" height=\"200\" src=\"https:\/\/remark.al\/wp-content\/uploads\/2024\/10\/qtq95.png\" alt=\"\" class=\"wp-image-21 size-full\" srcset=\"https:\/\/remark.al\/wp-content\/uploads\/2024\/10\/qtq95.png 200w, https:\/\/remark.al\/wp-content\/uploads\/2024\/10\/qtq95-150x150.png 150w\" sizes=\"auto, (max-width: 200px) 100vw, 200px\" \/><\/figure><div class=\"wp-block-media-text__content\">\n<p><strong>Personel i kualifikuar<\/strong><br>Gjithmon\u00eb kemi synuar t\u00eb kryejm\u00eb \u00e7do rekrutim me kujdes t\u00eb madh. Gjat\u00eb viteve kemi m\u00ebsuar se specialist\u00ebt e aft\u00eb t\u00eb SEO-s\u00eb nuk jan\u00eb t\u00eb leht\u00eb p\u00ebr t\u2019u gjetur. Kjo, n\u00eb disa periudha t\u00eb shkurtra, na ka detyruar t\u00eb refuzojm\u00eb klient\u00eb t\u00eb rinj, gj\u00eb q\u00eb sigurisht nuk \u00ebsht\u00eb e k\u00ebndshme! Megjithat\u00eb, kemi mbajtur gjithmon\u00eb nj\u00eb q\u00ebndrim t\u00eb qart\u00eb: pavar\u00ebsisht sa t\u00eb m\u00ebdhenj b\u00ebhemi, nuk duhet t\u00eb humbasim kurr\u00eb kontaktin personal dhe t\u00eb sinqert\u00eb me klient\u00ebt tan\u00eb.<\/p>\n\n\n\n<p>Gjithashtu, gjithmon\u00eb kemi qen\u00eb t\u00eb kujdessh\u00ebm q\u00eb \u00e7do punonj\u00ebs t\u00eb ndjehet mir\u00eb n\u00eb vendin e pun\u00ebs dhe n\u00eb detyrat e tij. Ne e dim\u00eb q\u00eb jan\u00eb pik\u00ebrisht ato p\u00ebrpjekje t\u00eb vogla shtes\u00eb q\u00eb b\u00ebjn\u00eb ndryshimin e madh. Kur dikush e shijon pun\u00ebn e tij dhe b\u00ebn at\u00eb q\u00eb e p\u00eblqen, kjo reflektohet n\u00eb rezultatet p\u00ebrfundimtare.<\/p>\n\n\n\n<p>Punojm\u00eb vazhdimisht p\u00ebr t\u00eb trajnuar dhe zhvilluar m\u00eb tej stafin ton\u00eb. \u00c7dokush q\u00eb ka nj\u00eb vizion p\u00ebr t\u2019u ngritur brenda kompanis\u00eb son\u00eb, do ta ket\u00eb k\u00ebt\u00eb mund\u00ebsi. Ne besojm\u00eb se me vullnetin dhe q\u00ebndrimin e duhur, \u00e7do gj\u00eb \u00ebsht\u00eb e mundur.<\/p>\n\n\n\n<p><strong>Agjenci e plot\u00eb SEO<\/strong><br>Ne u ofrojm\u00eb klient\u00ebve tan\u00eb nj\u00eb zgjidhje t\u00eb plot\u00eb p\u00ebr t\u00eb p\u00ebrmbushur t\u00eb gjitha nevojat e tyre n\u00eb lidhje me marketingun dixhital. Gjithsesi, e dim\u00eb q\u00eb nuk mund t\u00eb jemi m\u00eb t\u00eb mir\u00ebt n\u00eb gjith\u00e7ka, edhe pse padyshim do t\u00eb d\u00ebshironim t\u00eb ishte ndryshe. N\u00eb raste t\u00eb ve\u00e7anta, ku k\u00ebrkohet nj\u00eb ekspertiz\u00eb m\u00eb e thelluar, ne kemi koleg\u00eb brenda industris\u00eb q\u00eb i rekomandojm\u00eb me k\u00ebnaq\u00ebsi. Sepse e kuptojm\u00eb q\u00eb p\u00ebr ju si klient, \u00ebsht\u00eb pothuajse e pamundur t\u00eb \u201czgjidhni t\u00eb duhurin\u201d vet\u00ebm duke lexuar nj\u00eb faqe interneti.<\/p>\n\n\n\n<p><strong>Personi juaj i kontaktit<\/strong><br>Si klient tek ne, ju caktohet gjithmon\u00eb nj\u00eb person kontakti i dedikuar q\u00eb n\u00eb fillim t\u00eb bashk\u00ebpunimit. E dim\u00eb vet\u00eb sa e v\u00ebshtir\u00eb \u00ebsht\u00eb t\u00eb p\u00ebrs\u00ebris\u00ebsh t\u00eb nj\u00ebjtat gj\u00ebra dhe sa koh\u00eb merr p\u00ebr t\u00eb kuptuar \u00e7do klient unik dhe vizionin e tij. P\u00ebr t\u00eb arritur sukses afatgjat\u00eb n\u00eb SEO, k\u00ebrkohet nj\u00eb dialog i vazhduesh\u00ebm. Ne gjithmon\u00eb organizojm\u00eb takime tremujore p\u00ebr t\u00eb analizuar periudh\u00ebn e kaluar dhe p\u00ebr t\u00eb par\u00eb se \u00e7far\u00eb mund t\u00eb optimizohet p\u00ebr tremujorin e ardhsh\u00ebm.<\/p>\n<\/div><\/div>\n\n\n\n<div class=\"wp-block-group team-members-pattern p-animation-zoom-in is-layout-flow wp-block-group-is-layout-flow\" style=\"padding-top:var(--wp--preset--spacing--large);padding-bottom:var(--wp--preset--spacing--large)\">\n<div style=\"height:16px\" aria-hidden=\"true\" class=\"wp-block-spacer\"><\/div>\n\n\n\n<p class=\"has-text-align-center\"><\/p>\n\n\n\n<h2 class=\"wp-block-heading has-text-align-center has-large-font-size\">Njihuni Me Ekipin<\/h2>\n\n\n\n<div class=\"wp-block-columns is-layout-flex wp-container-core-columns-is-layout-b8f50212 wp-block-columns-is-layout-flex\" style=\"padding-top:0;padding-right:0;padding-bottom:0;padding-left:0\">\n<div class=\"wp-block-column is-layout-flow wp-block-column-is-layout-flow\" style=\"padding-top:var(--wp--preset--spacing--small);padding-bottom:var(--wp--preset--spacing--small)\">\n<h4 class=\"wp-block-heading has-text-align-center\">Irda Rucaj<\/h4>\n\n\n\n<p class=\"has-text-align-center\">CEO<\/p>\n\n\n\n<figure class=\"wp-block-image aligncenter size-full has-custom-border\"><img loading=\"lazy\" decoding=\"async\" width=\"386\" height=\"482\" src=\"https:\/\/remark.al\/wp-content\/uploads\/2024\/11\/Screenshot-2024-11-19-at-12.40.50-PM-1.png\" alt=\"\" class=\"wp-image-64\" style=\"border-radius:50%\" srcset=\"https:\/\/remark.al\/wp-content\/uploads\/2024\/11\/Screenshot-2024-11-19-at-12.40.50-PM-1.png 386w, https:\/\/remark.al\/wp-content\/uploads\/2024\/11\/Screenshot-2024-11-19-at-12.40.50-PM-1-240x300.png 240w\" sizes=\"auto, (max-width: 386px) 100vw, 386px\" \/><\/figure>\n<\/div>\n\n\n\n<div class=\"wp-block-column is-layout-flow wp-block-column-is-layout-flow\" style=\"padding-top:var(--wp--preset--spacing--small);padding-right:0;padding-bottom:var(--wp--preset--spacing--small);padding-left:0\">\n<h4 class=\"wp-block-heading has-text-align-center\">Migena Shehaj<\/h4>\n\n\n\n<p class=\"has-text-align-center\">CEO<\/p>\n\n\n\n<figure class=\"wp-block-image aligncenter size-full has-custom-border\"><img loading=\"lazy\" decoding=\"async\" width=\"1080\" height=\"1080\" src=\"https:\/\/remark.al\/wp-content\/uploads\/2024\/11\/466784703_10234091308852332_519299469179940192_n-1.jpg\" alt=\"\" class=\"wp-image-65\" style=\"border-radius:50%\" srcset=\"https:\/\/remark.al\/wp-content\/uploads\/2024\/11\/466784703_10234091308852332_519299469179940192_n-1.jpg 1080w, https:\/\/remark.al\/wp-content\/uploads\/2024\/11\/466784703_10234091308852332_519299469179940192_n-1-300x300.jpg 300w, https:\/\/remark.al\/wp-content\/uploads\/2024\/11\/466784703_10234091308852332_519299469179940192_n-1-1024x1024.jpg 1024w, https:\/\/remark.al\/wp-content\/uploads\/2024\/11\/466784703_10234091308852332_519299469179940192_n-1-150x150.jpg 150w, https:\/\/remark.al\/wp-content\/uploads\/2024\/11\/466784703_10234091308852332_519299469179940192_n-1-768x768.jpg 768w, https:\/\/remark.al\/wp-content\/uploads\/2024\/11\/466784703_10234091308852332_519299469179940192_n-1-500x500.jpg 500w, https:\/\/remark.al\/wp-content\/uploads\/2024\/11\/466784703_10234091308852332_519299469179940192_n-1-800x800.jpg 800w\" sizes=\"auto, (max-width: 1080px) 100vw, 1080px\" \/><\/figure>\n\n\n\n<p><\/p>\n<\/div>\n<\/div>\n<\/div>\n","protected":false},"excerpt":{"rendered":"<p>Personel i kualifikuarGjithmon\u00eb kemi synuar t\u00eb kryejm\u00eb \u00e7do rekrutim me kujdes t\u00eb madh. Gjat\u00eb viteve&hellip;<\/p>\n","protected":false},"author":1,"featured_media":0,"parent":0,"menu_order":0,"comment_status":"closed","ping_status":"closed","template":"","meta":{"footnotes":""},"class_list":["post-12","page","type-page","status-publish","hentry"],"_links":{"self":[{"href":"https:\/\/remark.al\/index.php?rest_route=\/wp\/v2\/pages\/12","targetHints":{"allow":["GET"]}}],"collection":[{"href":"https:\/\/remark.al\/index.php?rest_route=\/wp\/v2\/pages"}],"about":[{"href":"https:\/\/remark.al\/index.php?rest_route=\/wp\/v2\/types\/page"}],"author":[{"embeddable":true,"href":"https:\/\/remark.al\/index.php?rest_route=\/wp\/v2\/users\/1"}],"replies":[{"embeddable":true,"href":"https:\/\/remark.al\/index.php?rest_route=%2Fwp%2Fv2%2Fcomments&post=12"}],"version-history":[{"count":5,"href":"https:\/\/remark.al\/index.php?rest_route=\/wp\/v2\/pages\/12\/revisions"}],"predecessor-version":[{"id":73,"href":"https:\/\/remark.al\/index.php?rest_route=\/wp\/v2\/pages\/12\/revisions\/73"}],"wp:attachment":[{"href":"https:\/\/remark.al\/index.php?rest_route=%2Fwp%2Fv2%2Fmedia&parent=12"}],"curies":[{"name":"wp","href":"https:\/\/api.w.org\/{rel}","templated":true}]}}